{"id":66,"date":"2018-10-10T04:37:27","date_gmt":"2018-10-10T04:37:27","guid":{"rendered":"http:\/\/bluemuse.univ-lyon1.fr\/?page_id=66"},"modified":"2026-01-26T13:32:24","modified_gmt":"2026-01-26T13:32:24","slug":"contact-consortium","status":"publish","type":"page","link":"https:\/\/bluemuse.univ-lyon1.fr\/index.php\/contact-consortium\/","title":{"rendered":"Consortium"},"content":{"rendered":"\r\n<div class=\"wp-block-columns is-layout-flex wp-container-core-columns-is-layout-9d6595d7 wp-block-columns-is-layout-flex\">\r\n<div class=\"wp-block-column is-layout-flow wp-block-column-is-layout-flow\" style=\"flex-basis:100%\"><\/div>\r\n<\/div>\r\n\r\n\r\n<p>The <strong>BlueMUSE Consortium<\/strong> is currently formed by the following institutes:<\/p>\r\n<p><img loading=\"lazy\" decoding=\"async\" class=\"aligncenter wp-image-562 size-large\" src=\"https:\/\/bluemuse.univ-lyon1.fr\/wp-content\/myimages\/2024\/07\/BlueMUSE-Consortium-map-2-1024x511.jpg\" alt=\"\" width=\"1024\" height=\"511\" srcset=\"https:\/\/bluemuse.univ-lyon1.fr\/wp-content\/myimages\/2024\/07\/BlueMUSE-Consortium-map-2-1024x511.jpg 1024w, https:\/\/bluemuse.univ-lyon1.fr\/wp-content\/myimages\/2024\/07\/BlueMUSE-Consortium-map-2-300x150.jpg 300w, https:\/\/bluemuse.univ-lyon1.fr\/wp-content\/myimages\/2024\/07\/BlueMUSE-Consortium-map-2-768x384.jpg 768w, https:\/\/bluemuse.univ-lyon1.fr\/wp-content\/myimages\/2024\/07\/BlueMUSE-Consortium-map-2-1536x767.jpg 1536w, https:\/\/bluemuse.univ-lyon1.fr\/wp-content\/myimages\/2024\/07\/BlueMUSE-Consortium-map-2-2048x1023.jpg 2048w\" sizes=\"auto, (max-width: 1024px) 100vw, 1024px\" \/><\/p>\r\n<p>\u00a0<\/p>\r\n<table style=\"height: 994px;\" width=\"791\">\r\n<tbody>\r\n<tr>\r\n<td width=\"30%\"><a href=\"http:\/\/cral.univ-lyon1.fr\"><img loading=\"lazy\" decoding=\"async\" class=\"wp-image-92 aligncenter\" src=\"https:\/\/bluemuse.univ-lyon1.fr\/wp-content\/myimages\/2018\/10\/Logo_CRAL_fond_trnasparent-300x199.png\" alt=\"\" width=\"122\" height=\"81\" srcset=\"https:\/\/bluemuse.univ-lyon1.fr\/wp-content\/myimages\/2018\/10\/Logo_CRAL_fond_trnasparent-300x199.png 300w, https:\/\/bluemuse.univ-lyon1.fr\/wp-content\/myimages\/2018\/10\/Logo_CRAL_fond_trnasparent-768x510.png 768w, https:\/\/bluemuse.univ-lyon1.fr\/wp-content\/myimages\/2018\/10\/Logo_CRAL_fond_trnasparent-1024x680.png 1024w, https:\/\/bluemuse.univ-lyon1.fr\/wp-content\/myimages\/2018\/10\/Logo_CRAL_fond_trnasparent-1200x797.png 1200w\" sizes=\"auto, (max-width: 122px) 100vw, 122px\" \/><\/a><\/td>\r\n<td style=\"vertical-align: middle;\"><a href=\"http:\/\/cral.univ-lyon1.fr\">Centre de Recherche Astrophysique de Lyon (CRAL)<\/a><\/td>\r\n<\/tr>\r\n<tr>\r\n<td width=\"30%\"><img loading=\"lazy\" decoding=\"async\" class=\"wp-image-101 aligncenter\" src=\"https:\/\/bluemuse.univ-lyon1.fr\/wp-content\/myimages\/2018\/10\/AIP-233x300.jpg\" alt=\"\" width=\"64\" height=\"83\" srcset=\"https:\/\/bluemuse.univ-lyon1.fr\/wp-content\/myimages\/2018\/10\/AIP-233x300.jpg 233w, https:\/\/bluemuse.univ-lyon1.fr\/wp-content\/myimages\/2018\/10\/AIP.jpg 616w\" sizes=\"auto, (max-width: 64px) 100vw, 64px\" \/><\/td>\r\n<td style=\"vertical-align: middle;\"><a href=\"http:\/\/www.aip.de\/en\">Leibniz Institute for Astrophysics Potsdam (AIP)<\/a><\/td>\r\n<\/tr>\r\n<tr>\r\n<td width=\"30%\"><img loading=\"lazy\" decoding=\"async\" class=\"wp-image-102 aligncenter\" src=\"https:\/\/bluemuse.univ-lyon1.fr\/wp-content\/myimages\/2019\/06\/AAO.jpeg\" alt=\"\" width=\"118\" height=\"61\" \/><\/td>\r\n<td style=\"vertical-align: middle;\"><a href=\"https:\/\/www.aao.gov.au\/\">Australian Astronomical Optics<\/a><\/td>\r\n<\/tr>\r\n<tr>\r\n<td width=\"30%\"><img loading=\"lazy\" decoding=\"async\" class=\"aligncenter\" src=\"https:\/\/irfu.cea.fr\/Css\/img\/IRFU.png\" width=\"142\" height=\"68\" \/><img loading=\"lazy\" decoding=\"async\" class=\"wp-image-102 aligncenter\" src=\"https:\/\/bluemuse.univ-lyon1.fr\/wp-content\/myimages\/2018\/10\/AIM-300x198.jpg\" alt=\"\" width=\"91\" height=\"60\" srcset=\"https:\/\/bluemuse.univ-lyon1.fr\/wp-content\/myimages\/2018\/10\/AIM-300x198.jpg 300w, https:\/\/bluemuse.univ-lyon1.fr\/wp-content\/myimages\/2018\/10\/AIM-768x506.jpg 768w, https:\/\/bluemuse.univ-lyon1.fr\/wp-content\/myimages\/2018\/10\/AIM.jpg 850w\" sizes=\"auto, (max-width: 91px) 100vw, 91px\" \/><\/td>\r\n<td style=\"vertical-align: middle;\">\r\n<p><a href=\"http:\/\/irfu.cea.fr\/dap\/en\/\">Astrophysique, Instrumentation &amp; Mod\u00e9lisation (AIM), Saclay<\/a><\/p>\r\n<p><a href=\"https:\/\/irfu.cea.fr\/\">Institut de Recherche sur les lois Fondamentales de l&#8217;Univers, Saclay<\/a><\/p>\r\n<\/td>\r\n<\/tr>\r\n<tr>\r\n<td width=\"30%\"><img loading=\"lazy\" decoding=\"async\" class=\"wp-image-104 aligncenter\" src=\"https:\/\/bluemuse.univ-lyon1.fr\/wp-content\/myimages\/2018\/10\/Geneva-300x108.jpg\" alt=\"\" width=\"134\" height=\"48\" srcset=\"https:\/\/bluemuse.univ-lyon1.fr\/wp-content\/myimages\/2018\/10\/Geneva-300x108.jpg 300w, https:\/\/bluemuse.univ-lyon1.fr\/wp-content\/myimages\/2018\/10\/Geneva-768x278.jpg 768w, https:\/\/bluemuse.univ-lyon1.fr\/wp-content\/myimages\/2018\/10\/Geneva-1024x370.jpg 1024w, https:\/\/bluemuse.univ-lyon1.fr\/wp-content\/myimages\/2018\/10\/Geneva-1200x434.jpg 1200w, https:\/\/bluemuse.univ-lyon1.fr\/wp-content\/myimages\/2018\/10\/Geneva.jpg 1212w\" sizes=\"auto, (max-width: 134px) 100vw, 134px\" \/><\/td>\r\n<td style=\"vertical-align: middle;\"><a href=\"https:\/\/www.unige.ch\/sciences\/astro\/en\/\">Observatoire astronomique de l&#8217;Universit\u00e9 de Gen\u00e8ve<\/a><\/td>\r\n<\/tr>\r\n<tr>\r\n<td width=\"30%\"><img loading=\"lazy\" decoding=\"async\" class=\"wp-image-105  aligncenter\" src=\"https:\/\/bluemuse.univ-lyon1.fr\/wp-content\/myimages\/2018\/10\/EPFL-e1678461555650-300x141.png\" alt=\"\" width=\"145\" height=\"68\" srcset=\"https:\/\/bluemuse.univ-lyon1.fr\/wp-content\/myimages\/2018\/10\/EPFL-e1678461555650-300x141.png 300w, https:\/\/bluemuse.univ-lyon1.fr\/wp-content\/myimages\/2018\/10\/EPFL-e1678461555650.jpeg 429w\" sizes=\"auto, (max-width: 145px) 100vw, 145px\" \/><\/td>\r\n<td style=\"vertical-align: middle;\"><a href=\"https:\/\/lastro.epfl.ch\/\">Laboratory of Astrophysics, Ecole Polytechnique F\u00e9d\u00e9rale de Lausanne (EPFL)<\/a><\/td>\r\n<\/tr>\r\n<tr>\r\n<td width=\"30%\"><img loading=\"lazy\" decoding=\"async\" class=\"wp-image-107 aligncenter\" src=\"https:\/\/bluemuse.univ-lyon1.fr\/wp-content\/myimages\/2018\/10\/Durham-300x142.jpg\" alt=\"\" width=\"133\" height=\"63\" srcset=\"https:\/\/bluemuse.univ-lyon1.fr\/wp-content\/myimages\/2018\/10\/Durham-300x142.jpg 300w, https:\/\/bluemuse.univ-lyon1.fr\/wp-content\/myimages\/2018\/10\/Durham-768x363.jpg 768w, https:\/\/bluemuse.univ-lyon1.fr\/wp-content\/myimages\/2018\/10\/Durham-1024x485.jpg 1024w, https:\/\/bluemuse.univ-lyon1.fr\/wp-content\/myimages\/2018\/10\/Durham.jpg 1082w\" sizes=\"auto, (max-width: 133px) 100vw, 133px\" \/><\/td>\r\n<td style=\"vertical-align: middle;\"><a href=\"https:\/\/www.dur.ac.uk\/cfai\/\">Centre for Advanced Instrumentation, Physics Department, Durham University<\/a> <a href=\"https:\/\/astro.dur.ac.uk\/CEA\/\">Centre for Extragalactic Astronomy<\/a><\/td>\r\n<\/tr>\r\n<tr>\r\n<td width=\"30%\"><img loading=\"lazy\" decoding=\"async\" class=\"wp-image-108 aligncenter\" src=\"https:\/\/bluemuse.univ-lyon1.fr\/wp-content\/myimages\/2018\/10\/Stockholm-300x270.jpg\" alt=\"\" width=\"90\" height=\"81\" srcset=\"https:\/\/bluemuse.univ-lyon1.fr\/wp-content\/myimages\/2018\/10\/Stockholm-300x270.jpg 300w, https:\/\/bluemuse.univ-lyon1.fr\/wp-content\/myimages\/2018\/10\/Stockholm.jpg 752w\" sizes=\"auto, (max-width: 90px) 100vw, 90px\" \/><\/td>\r\n<td style=\"vertical-align: middle;\"><a href=\"https:\/\/www.astro.su.se\/english\/\">Department of Astronomy, Stockholm University<\/a><\/td>\r\n<\/tr>\r\n<tr>\r\n<td width=\"30%\"><img loading=\"lazy\" decoding=\"async\" class=\"wp-image-261  aligncenter\" src=\"https:\/\/bluemuse.univ-lyon1.fr\/wp-content\/myimages\/2021\/12\/IA_logo_rgb-black-300x200.png\" alt=\"\" width=\"102\" height=\"68\" srcset=\"https:\/\/bluemuse.univ-lyon1.fr\/wp-content\/myimages\/2021\/12\/IA_logo_rgb-black-300x200.png 300w, https:\/\/bluemuse.univ-lyon1.fr\/wp-content\/myimages\/2021\/12\/IA_logo_rgb-black-1024x684.png 1024w, https:\/\/bluemuse.univ-lyon1.fr\/wp-content\/myimages\/2021\/12\/IA_logo_rgb-black-768x513.png 768w, https:\/\/bluemuse.univ-lyon1.fr\/wp-content\/myimages\/2021\/12\/IA_logo_rgb-black.png 1200w\" sizes=\"auto, (max-width: 102px) 100vw, 102px\" \/><\/td>\r\n<td style=\"vertical-align: middle;\"><a href=\"http:\/\/www.iastro.pt\/\">Institute of Astrophysics and Space Sciences<\/a><\/td>\r\n<\/tr>\r\n<\/tbody>\r\n<\/table>\r\n<h3><span style=\"color: #0000ff;\">Project Office:<\/span><\/h3>\r\n<p><strong>Johan Richard (PI)\u00a0 \u00a0 &#8211;\u00a0 \u00a0 <\/strong><strong>R\u00e9mi Giroud (PM)\u00a0 \u00a0 &#8211;\u00a0 \u00a0 Davor Krajnovi\u0107 (Project Scientist)\u00a0 \u00a0 &#8211;\u00a0 \u00a0 Florence Laurent (System Engineer)\u00a0 \u00a0 &#8211;\u00a0 \u00a0 <\/strong><strong>Roland Bacon (chair Ex.Board)<\/strong><\/p>\r\n\r\n\r\n<p><\/p>\r\n","protected":false},"excerpt":{"rendered":"<p>The BlueMUSE Consortium is currently formed by the following institutes: \u00a0 Centre de Recherche Astrophysique de Lyon (CRAL) Leibniz Institute for Astrophysics Potsdam (AIP) Australian Astronomical Optics Astrophysique, Instrumentation &amp; Mod\u00e9lisation (AIM), Saclay Institut de Recherche sur les lois Fondamentales de l&#8217;Univers, Saclay Observatoire astronomique de l&#8217;Universit\u00e9 de Gen\u00e8ve Laboratory of Astrophysics, Ecole Polytechnique F\u00e9d\u00e9rale&hellip;&nbsp;<a href=\"https:\/\/bluemuse.univ-lyon1.fr\/index.php\/contact-consortium\/\" rel=\"bookmark\">Read More &raquo;<span class=\"screen-reader-text\">Consortium<\/span><\/a><\/p>\n","protected":false},"author":1,"featured_media":0,"parent":0,"menu_order":0,"comment_status":"closed","ping_status":"open","template":"","meta":{"neve_meta_sidebar":"","neve_meta_container":"contained","neve_meta_enable_content_width":"off","neve_meta_content_width":70,"neve_meta_title_alignment":"center","neve_meta_author_avatar":"","neve_post_elements_order":"","neve_meta_disable_header":"","neve_meta_disable_footer":"","neve_meta_disable_title":"","footnotes":""},"class_list":["post-66","page","type-page","status-publish","hentry"],"_links":{"self":[{"href":"https:\/\/bluemuse.univ-lyon1.fr\/index.php\/wp-json\/wp\/v2\/pages\/66","targetHints":{"allow":["GET"]}}],"collection":[{"href":"https:\/\/bluemuse.univ-lyon1.fr\/index.php\/wp-json\/wp\/v2\/pages"}],"about":[{"href":"https:\/\/bluemuse.univ-lyon1.fr\/index.php\/wp-json\/wp\/v2\/types\/page"}],"author":[{"embeddable":true,"href":"https:\/\/bluemuse.univ-lyon1.fr\/index.php\/wp-json\/wp\/v2\/users\/1"}],"replies":[{"embeddable":true,"href":"https:\/\/bluemuse.univ-lyon1.fr\/index.php\/wp-json\/wp\/v2\/comments?post=66"}],"version-history":[{"count":58,"href":"https:\/\/bluemuse.univ-lyon1.fr\/index.php\/wp-json\/wp\/v2\/pages\/66\/revisions"}],"predecessor-version":[{"id":819,"href":"https:\/\/bluemuse.univ-lyon1.fr\/index.php\/wp-json\/wp\/v2\/pages\/66\/revisions\/819"}],"wp:attachment":[{"href":"https:\/\/bluemuse.univ-lyon1.fr\/index.php\/wp-json\/wp\/v2\/media?parent=66"}],"curies":[{"name":"wp","href":"https:\/\/api.w.org\/{rel}","templated":true}]}}